 Suppose 0 = 3*a - j - 177. What is the greatest common factor of 10 and a?
10
Let c(g) = -10*g**3 - g**2 + 2*g + 2. Let n be c(-2). Let t = 173 + -120. Let b = n - t. Calculate the greatest common divisor of b and 3.
3
Suppose -471 = -5*r + v, -5*r - 3*v = v - 491. Calculate the highest common divisor of 114 and r.
19
Let j = -23 + 28. Let f be (j - 1)/(2/32). Suppose c - 5 = 3. Calculate the highest common divisor of f and c.
8
Suppose -2*d - 3*g + 43 = 7, -68 = -2*d + 5*g. What is the highest common factor of d and 6?
6
Let t(w) = -47*w - 434. Let p be t(-10). Suppose 2*k = -2, 4*i + 8 = 3*k + 35. Suppose 2*u - i*u = -16. Calculate the highest common factor of u and p.
4
Let q be (3/(-3))/((-2)/10). Suppose -6*c - 19 + 49 = 0. Suppose 0*l + l - 4 = -c*i, 5*l - 50 = q*i. Calculate the highest common divisor of l and 18.
9
Let j be 4/(-6)*(-1269)/94. What is the greatest common factor of j and 1485?
9
Let x(r) = -2*r**3 - 3*r**2 + 27*r - 22. Let d be x(-5). What is the highest common factor of 70 and d?
2
Suppose 318 = 3*t + 4*h, -3*t = t - 4*h - 396. Calculate the greatest common factor of t and 34.
34
Let y(s) = -s**2 - s + 14. Let d be y(-4). Calculate the greatest common factor of 10 and d.
2
Suppose 0 = 13*n - 11*n - 2*h - 42, 4*n + 2*h - 78 = 0. What is the greatest common factor of 740 and n?
20
Let y(d) = -d**2 + 10*d - 2. Let g be y(13). Let w(m) = m**3 - 4*m**2 + 9*m - 4. Let a be w(6). Let t = a + g. Calculate the highest common divisor of 9 and t.
9
Suppose 118*u - 117*u = 39. Calculate the greatest common divisor of 3 and u.
3
Suppose -5*q + 3*q + 64 = 0. Suppose -f = 3, 3*f + 159 = 3*w - 2*f. What is the highest common divisor of w and q?
16
Suppose 893*u = 886*u + 4025. Calculate the greatest common factor of u and 23.
23
Let q(v) = 5*v + 4. Let l be q(4). Calculate the greatest common factor of 168 and l.
24
Let u be 16 - 40/(-16)*2. What is the greatest common divisor of u and 60?
3
Suppose 15*h + 1850 = 5*c + 10*h, 5*c + 5*h = 1890. What is the highest common divisor of 22 and c?
22
Let q(w) = 3*w - 2*w - 66 + 0*w + 67 + w**3 - 10*w**2. Let k be q(10). Calculate the highest common factor of k and 33.
11
Let f = -54 - -144. What is the greatest common factor of f and 10?
10
Suppose 4*w - a + 241 = 0, -3*w + 0*w - 167 = 2*a. Let s = w - -61. What is the highest common factor of 34 and s?
2
Let f = -1408 - -1700. What is the highest common factor of 4 and f?
4
Let y(v) = -v**3 - v**2 + 10*v - 19. Let h be y(-7). Calculate the highest common factor of h and 5.
5
Suppose -5*u - 80 + 315 = 0. Let t = 53 - u. Calculate the greatest common factor of t and 4.
2
Let d be 5/(-30)*3*-8. What is the highest common divisor of 4 and d?
4
Let i(d) = d**2 - 62*d - 277. Let z be i(69). What is the greatest common factor of z and 2?
2
Let k(m) be the first derivative of -9*m**4/4 + m**3 - 3*m**2/2 - 4*m - 18. Let r be k(-3). What is the greatest common factor of r and 25?
25
Suppose 24*i = 29*i - 25. Suppose -10*n + 179 = -221. Calculate the highest common factor of n and i.
5
Let p be 3 + -1 + (-2)/1. Suppose -2*h + 5*i - 96 = p, -75 = 3*h + i + 103. Let l be h/(-7) - (-6)/(-21). What is the highest common divisor of l and 8?
8
Let j be -14*(5/(-1) + 8 + -5). Calculate the highest common factor of 140 and j.
28
Let m = 39 - 36. Suppose 194 = 7*j + 26. What is the greatest common factor of m and j?
3
Suppose -3*z = 19*z - 1584. What is the highest common divisor of 936 and z?
72
Let q be ((-7)/(21/(-990)))/((-9)/(-6)). Suppose -3*i - y = -q, 3*i - 6*i = -3*y - 204. What is the highest common factor of 12 and i?
12
Let p(r) = 92*r + 33. Let m be p(2). Calculate the highest common divisor of 155 and m.
31
Let p be -10 + (10 - 9)*1645. Calculate the highest common factor of p and 15.
15
Let u(a) = a**2 - 12*a - 8. Let x be u(13). Suppose -x*w = 2*w - 56. Calculate the highest common divisor of 56 and w.
8
Let o = 1628 + -1538. Calculate the highest common factor of 75 and o.
15
Suppose 8*z - 3*z - 75 = 0. Suppose -4*f + 2 + 18 = 0. Suppose -f*y + 337 = -38. Calculate the highest common divisor of z and y.
15
Suppose 0 = f - 2*f + 4. Suppose -14 - 4 = 2*j - f*w, w = -j + 3. Let i be j + (-46 + -4)/(-2). Calculate the highest common divisor of i and 8.
8
Let x be ((-18)/(-24))/(1/16). Let w = 15 - x. Let r = 81 - 48. Calculate the greatest common divisor of w and r.
3
Let i = 1 - -23. Suppose 0 = 4*b + 2*k - 578, 5*b - k = -3*k + 722. What is the greatest common divisor of b and i?
24
Let m be 6/8 + 68/16. Suppose 5*j = m + 5. Let u be -2 + -7*j/(-2). Calculate the greatest common divisor of u and 40.
5
Let o be (3 - 35/10)*-1*4. Suppose -3*f + 6*f = 0. Suppose -o*b + 42 - 12 = f. Calculate the greatest common divisor of 165 and b.
15
Let b = -5 + 6. Suppose 0 = 2*t - 11 - b. Suppose r - 14 = t. What is the greatest common divisor of r and 140?
20
Let o(r) = r**2 + 9*r - 12. Let q be o(3). Suppose 0*f + 1 = 3*f + 4*a, -4*f + 3*a + 18 = 0. Calculate the greatest common factor of q and f.
3
Suppose 0 = 3*g + 2*g - 20. Suppose 20*z = -5*u + 15*z + 75, -30 = -2*u + 5*z. Suppose g*c - 17 - u = 0. Calculate the highest common divisor of 16 and c.
8
Suppose 2*d + 11*l = 15*l + 80, d + 2*l = 24. What is the greatest common factor of 400 and d?
16
Let x be (-1 - -5) + 1225/(-4 + -1). Let d = -171 - x. Calculate the greatest common divisor of 28 and d.
14
Let t be (-6)/(-27) - (-4)/(-18). Suppose c + 3*w - 18 = t, c + 0*c + 5*w = 26. Suppose 20 = c*n - 2*n. Calculate the greatest common divisor of n and 20.
5
Let s = -118 - -334. Suppose -100 = -4*m - 2*v, -4*m - 4*v = -36 - 68. Calculate the highest common factor of m and s.
24
Let p be ((-5)/(-3) + -1)/((-62)/(-12369)). What is the highest common factor of p and 38?
19
Let u be -4*(4 + 63/24*-2). Let v be ((-8)/24)/(2/(-114)). Let g = v - -6. What is the greatest common divisor of u and g?
5
Suppose -6105 = -33*b - 4*b. Calculate the highest common factor of b and 275.
55
Let o = 131 - 135. Let z(j) = -j**3 - 5*j**2 - 3*j + 12. Let a be z(o). What is the greatest common factor of a and 40?
8
Let t = 20 - 18. Suppose t*g - 8 = 24. Calculate the highest common divisor of 2 and g.
2
Suppose 9 = 2*x + 5. Let w be -6*((-15)/(-6) - x). Let y be w*4/6*-2. Calculate the greatest common factor of y and 32.
4
Let c = 793 - 590. Calculate the greatest common divisor of c and 14.
7
Suppose 0 = -3*t + 15, 0*g = 3*g - 4*t - 628. Suppose -5*l - 3*l + g = 0. Calculate the greatest common divisor of 297 and l.
27
Let w be (105/(-28))/(3/28). Suppose 0 = -4*z + 5*z - 5*p + 63, 220 = -4*z + 4*p. Let a = w - z. Calculate the greatest common divisor of a and 6.
6
Suppose 377 = 8*r + 57. What is the greatest common factor of 64 and r?
8
Suppose -18*x + 126 = 3*x. Calculate the highest common factor of x and 27.
3
Let j(n) = n**2 - n - 1. Let a be j(-2). Suppose 0 = -4*c + 3*c + 3, -4*o = c + a. Let i = 26 + o. What is the highest common factor of i and 3?
3
Let r(z) = -4*z + 141. Let h be r(18). Calculate the highest common divisor of h and 621.
69
Let p be 12/14 - (-27540)/357. Calculate the highest common divisor of p and 390.
78
Let g be ((-1)/(-3))/(6/18). Suppose -3*t = -11 - g. Suppose -4*d + 4*j = 3*j - 12, -2*d + t*j = -20. What is the highest common divisor of d and 14?
2
Let d be (6 - (-284)/4) + -1. Calculate the highest common factor of 20 and d.
4
Let v = 213 + -141. Suppose 4*a - 5 = -5*d, -22 = -3*a + 2*d - 1. Suppose 2*o = 2*t + o - 17, a*t + 4*o = 49. What is the highest common factor of v and t?
9
Let u = 8 - 5. Let w(j) = j**3 - j**2 - 19*j + 19. Let s be w(5). Calculate the greatest common factor of s and u.
3
Let d be 4*1/(1/2). Suppose -2*p = -2, 4*p = -64*u + 66*u - 12. What is the highest common divisor of d and u?
8
Suppose -16*b + 1846 = -1514. Calculate the greatest common factor of 462 and b.
42
Let w(c) = c**2 - 6*c + 5. Let l be w(5). Let r be 35 + (l - -1) + 2. Let d = 92 - r. What is the highest common factor of 18 and d?
18
Let r be 0/(-6) - 54/(-2). Suppose -13 - r = -2*k. Calculate the greatest common divisor of k and 30.
10
Let o = -103 - 7. Let b = -95 - o. Calculate the greatest common divisor of 105 and b.
15
Let k be (504/(-10))/6*15/(-2). Calculate the highest common divisor of k an